44?
327
What is the remainder when 5969164 is divided by 2984564?
36
What is the remainder when 5012051 is divided by 210?
191
What is the remainder when 7670525 is divided by 45?
5
Calculate the remainder when 909779 is divided by 907992.
1787
Calculate the remainder when 427474 is divided by 30533.
12
Calculate the remainder when 10856561 is divided by 1975.
1961
What is the remainder when 131975 is divided by 3008?
2631
What is the remainder when 553774 is divided by 7481?
180
What is the remainder when 69607 is divided by 68460?
1147
Calculate the remainder when 30368342 is divided by 6449.
1
What is the remainder when 18945 is divided by 3151?
39
Calculate the remainder when 246177 is divided by 187.
85
What is the remainder when 380008 is divided by 94995?
28
What is the remainder when 3360503 is divided by 5194?
5179
Calculate the remainder when 23127394 is divided by 382.
350
Calculate the remainder when 474687 is divided by 3923.
4
Calculate the remainder when 16030 is divided by 7706.
618
Calculate the remainder when 54187 is divided by 35.
7
What is the remainder when 45069 is divided by 43236?
1833
What is the remainder when 23327854 is divided by 518393?
169
What is the remainder when 1098119 is divided by 1699?
565
Calculate the remainder when 1041330 is divided by 1607.
1601
What is the remainder when 2710622 is divided by 2710622?
0
Calculate the remainder when 131322335 is divided by 10.
5
Calculate the remainder when 1162453 is divided by 964.
833
What is the remainder when 808577 is divided by 62186?
159
What is the remainder when 6680192 is divided by 101215?
2
Calculate the remainder when 2646069 is divided by 125996.
153
Calculate the remainder when 1069497592 is divided by 6947.
6942
What is the remainder when 219733 is divided by 143?
85
Calculate the remainder when 302030 is divided by 771.
569
What is the remainder when 2061735 is divided by 1012?
291
What is the remainder when 261226 is divided by 3782?
268
What is the remainder when 2347145483 is divided by 3628?
3627
Calculate the remainder when 1885914 is divided by 820.
734
What is the remainder when 18949 is divided by 1306?
665
Calculate the remainder when 448773 is divided by 60.
33
What is the remainder when 116056 is divided by 105?
31
What is the remainder when 28528362 is divided by 1097244?
18
Calculate the remainder when 217515 is divided by 108755.
5
What is the remainder when 123344 is divided by 725?
94
What is the remainder when 1989544 is divided by 10?
4
Calculate the remainder when 371821 is divided by 53113.
30
Calculate the remainder when 9772007 is divided by 3792.
23
What is the remainder when 86296361 is divided by 2?
1
Calculate the remainder when 267375 is divided by 2228.
15
Calculate the remainder when 895901 is divided by 895888.
13
Calculate the remainder when 715440 is divided by 247.
128
Calculate the remainder when 3499492 is divided by 139979.
17
Calculate the remainder when 153363 is divided by 495.
408
Calculate the remainder when 8019662 is divided by 22.
2
What is the remainder when 877358 is divided by 129?
29
Calculate the remainder when 352567 is divided by 430.
397
Calculate the remainder when 586339 is divided by 146566.
75
What is the remainder when 192782158 is divided by 432?
430
What is the remainder when 870442 is divided by 271?
261
Calculate the remainder when 669916499 is divided by 33.
32
Calculate the remainder when 269526 is divided by 44.
26
What is the remainder when 3222 is divided by 651?
618
What is the remainder when 8005 is divided by 7955?
50
What is the remainder when 874051 is divided by 48553?
97
Calculate the remainder when 21461855 is divided by 7940.
35
Calculate the remainder when 341339 is divided by 338026.
3313
Calculate the remainder when 13086889 is divided by 1220.
1169
What is the remainder when 189171 is divided by 286?
125
Calculate the remainder when 736084 is divided by 1632.
52
What is the remainder when 2597138 is divided by 1209?
206
What is the remainder when 49403 is divided by 288?
155
What is the remainder when 72030 is divided by 71600?
430
What is the remainder when 82353 is divided by 696?
225
What is the remainder when 347233264 is divided by 29?
24
What is the remainder when 2590922 is divided by 323861?
34
Calculate the remainder when 115690 is divided by 1091.
44
What is the remainder when 663412 is divided by 2861?
2521
What is the remainder when 303528 is divided by 33722?
30
Calculate the remainder when 40342643 is divided by 4034263.
13
Calculate the remainder when 150697 is divided by 10.
7
Calculate the remainder when 138666856 is divided by 5243.
5235
Calculate the remainder when 580992 is divided by 385.
27
Calculate the remainder when 1782230 is divided by 624.
86
Calculate the remainder when 1148315 is divided by 382769.
8
What is the remainder when 504002 is divided by 1008?
2
What is the remainder when 1134095 is divided by 1131739?
2356
What is the remainder when 66205 is divided by 66203?
2
Calculate the remainder when 759412 is divided by 759332.
80
What is the remainder when 14652307 is divided by 159?
139
Calculate the remainder when 26456543 is divided by 403.
399
Calculate the remainder when 262938 is divided by 23843.
665
Calculate the remainder when 783613 is divided by 156535.
938
What is the remainder when 866645 is divided by 20633?
59
What is the remainder when 757781 is divided by 90?
71
Calculate the remainder when 1051113 is divided by 4382.
3815
Calculate the remainder when 435797809 is divided by 158.
155
Calculate the remainder when 325567 is divided by 40678.
143
Calculate the remainder when 7983149 is divided by 63.
41
What is the remainder when 2166959 is divided by 572?
223
Calculate the remainder when 343032266 is divided by 176.
170
What is the remainder when 57311727 is divided by 9?
6
What is the remainder when 14688127 is divided by 5824?
5823
Calculate the remainder when 9777005 is divided by 188.
65
What is the remainder when 2151843 is divided by 3649?
2582
Calculate the remainder when 96389 is divided by 53.
35
Calculate the remainder when 20880727 is divided by 11.
10
What is the remainder when 127421 is divided by 127148?
273
Calculate the remainder when 7872 is divided by 3802.
268
What is the remainder when 247304983 is divided by 14?
9
Calculate the remainder when 4731031 is divided by 122.
115
What is the remainder when 16930781 is divided by 486?
485
What is the remainder when 33976 is divided by 2946?
1570
Calculate the remainder when 1141238 is divided by 8027.
1404
What is the remainder when 23591 is divided by 46?
39
Calculate the remainder when 36431 is divided by 10479.
4994
What is the remainder when 358488 is divided by 179211?
66
What is the remainder when 92409559 is divided by 593?
590
What is the remainder when 332095 is divided by 69?
67
Calculate the remainder when 5351033 is divided by 256.
121
What is the remainder when 2234736 is divided by 50787?
108
Calculate the remainder when 56756 is divided by 4716.
164
Calculate the remainder when 18300465 is divided by 1407727.
14
Calculate the remainder when 1023783 is divided by 511822.
139
What is the remainder when 285760023 is divided by 88?
87
Calculate the remainder when 76189000 is divided by 174.
142
What is the remainder when 139126 is divided by 556?
126
What is the remainder when 207426 is divided by 570?
516
Calculate the remainder when 291199048 is divided by 90.
88
What is the remainder when 239135 is divided by 39832?
143
What is the remainder when 727291 is divided by 1778?
89
What is the remainder when 84158 is divided by 199?
180
Calculate the remainder when 834687839 is divided by 2905.
2904
What is the remainder when 61222136 is divided by 2782824?
8
Calculate the remainder when 69725 is divided by 21042.
6599
What is the remainder when 154704283 is divided by 24?
19
Calculate the remainder when 366930 is divided by 365625.
1305
What is the remainder when 4197025 is divided by 988?
1
Calculate the remainder when 2376812 is divided by 33476.
16
Calculate the remainder when 732592 is divided by 306.
28
Calculate the remainder when 3670699 is divided by 367065.
49
Calculate the remainder when 3143651 is divided by 1047623.
782
Calculate the re